0311 prime?
False
Is 14617 composite?
True
Is 5998 prime?
False
Is 10637 a prime number?
False
Is 17165 composite?
True
Is 729431 a prime number?
False
Is 2484671 a composite number?
True
Is 128585 composite?
True
Is 43829 composite?
True
Is 108359 composite?
False
Is 1069 a prime number?
True
Is 213362 a composite number?
True
Is 72437 a composite number?
True
Is 224227 composite?
True
Is 1260017 a prime number?
False
Is 92311 a composite number?
False
Is 2117 prime?
False
Is 555589 prime?
True
Is 839 a composite number?
False
Is 8263 prime?
True
Is 77383 a prime number?
True
Is 20647 composite?
True
Is 13567 a composite number?
False
Is 650523 a composite number?
True
Is 256829 prime?
False
Is 19531 a composite number?
False
Is 3671 composite?
False
Is 1409 a prime number?
True
Is 5114609 a composite number?
False
Is 33311 composite?
False
Is 763519 a composite number?
True
Is 14783 a prime number?
True
Is 269033 a composite number?
True
Is 8917 a composite number?
True
Is 299027 composite?
False
Is 4666 a composite number?
True
Is 3415 composite?
True
Is 143669 a composite number?
False
Is 38929 prime?
False
Is 23447 a prime number?
True
Is 28643 a prime number?
True
Is 2906 a composite number?
True
Is 15943 a composite number?
True
Is 259031 a prime number?
False
Is 3353 composite?
True
Is 5809 composite?
True
Is 60017 a composite number?
False
Is 1974857 composite?
True
Is 9941 composite?
False
Is 11962 composite?
True
Is 203 prime?
False
Is 26186 a prime number?
False
Is 5171201 prime?
False
Is 50909 a composite number?
False
Is 669989 composite?
False
Is 35339 prime?
True
Is 41117 a prime number?
True
Is 2719 a prime number?
True
Is 945937 prime?
True
Is 2231 composite?
True
Is 243073 prime?
True
Is 7214 a prime number?
False
Is 85055 composite?
True
Is 10529 prime?
True
Is 4391 composite?
False
Is 23038 composite?
True
Is 42509 prime?
True
Is 811123 composite?
False
Is 1109 a prime number?
True
Is 14901 a prime number?
False
Is 8287 a prime number?
True
Is 59227 a composite number?
True
Is 116859 composite?
True
Is 1693 prime?
True
Is 22343 prime?
True
Is 2267 prime?
True
Is 131759 composite?
False
Is 149213 composite?
False
Is 31873 composite?
False
Is 87303 a prime number?
False
Is 66503 prime?
False
Is 413629 composite?
False
Is 49083 a prime number?
False
Is 6997 a prime number?
True
Is 1693 a prime number?
True
Is 1408053 prime?
False
Is 1121 composite?
True
Is 21547 prime?
False
Is 568006 composite?
True
Is 5507 a prime number?
True
Is 20327 composite?
False
Is 223 a composite number?
False
Is 91007 composite?
True
Is 12773 prime?
False
Is 27983 prime?
True
Is 145661 prime?
True
Is 17837 composite?
False
Is 538921 a composite number?
False
Is 7711 a composite number?
True
Is 78389 a prime number?
False
Is 83219 prime?
True
Is 17011 a prime number?
True
Is 681961 a composite number?
True
Is 10471 prime?
False
Is 12677 a composite number?
True
Is 14341 a composite number?
False
Is 2491 a prime number?
False
Is 6189 a composite number?
True
Is 25867 a prime number?
True
Is 134129 a prime number?
True
Is 174679 prime?
True
Is 5855 a composite number?
True
Is 274489 prime?
True
Is 18481 a composite number?
False
Is 52477 prime?
False
Is 7183 prime?
False
Is 3433 a composite number?
False
Is 613699 a prime number?
True
Is 837979 a prime number?
True
Is 10847 prime?
True
Is 36637 prime?
True
Is 14893 composite?
True
Is 659639 prime?
True
Is 193133 composite?
False
Is 71503 composite?
False
Is 905803 a prime number?
True
Is 35393 a prime number?
True
Is 218663 a composite number?
True
Is 16871 composite?
False
Is 97 a prime number?
True
Is 18071 prime?
False
Is 1184687 a prime number?
False
Is 899 a prime number?
False
Is 353981 composite?
True
Is 187529 composite?
True
Is 3517937 a prime number?
True
Is 1140493 prime?
True
Is 9722 a prime number?
False
Is 32659 a prime number?
False
Is 126095 composite?
True
Is 292819 a prime number?
True
Is 753 prime?
False
Is 181327 prime?
False
Is 14995 a prime number?
False
Is 55313 a prime number?
True
Is 21089 a composite number?
False
Is 13591 composite?
False
Is 373807 a prime number?
False
Is 11131 prime?
True
Is 40583 a composite number?
False
Is 79967 prime?
True
Is 10369 a prime number?
True
Is 245567 prime?
False
Is 154579 a prime number?
True
Is 104519 a prime number?
False
Is 50069 a prime number?
True
Is 424259 composite?
True
Is 99901 a prime number?
True
Is 100445 composite?
True
Is 123479 a prime number?
True
Is 7019 composite?
False
Is 29917 prime?
True
Is 126091 prime?
False
Is 350843 composite?
False
Is 229867 prime?
False
Is 116543 composite?
True
Is 37371 composite?
True
Is 148261 a prime number?
False
Is 1749833 a prime number?
True
Is 2747 a prime number?
False
Is 29579 a composite number?
True
Is 191971 prime?
False
Is 11213 prime?
True
Is 9697217 prime?
True
Is 1134579 a composite number?
True
Is 24785 composite?
True
Is 897703 a composite number?
False
Is 180071 composite?
False
Is 871039 a prime number?
False
Is 714463 composite?
False
Is 526313 a prime number?
False
Is 99943 prime?
False
Is 5623 a prime number?
True
Is 173389 prime?
False
Is 9069 a composite number?
True
Is 57169 prime?
False
Is 171905 a prime number?
False
Is 8147 a composite number?
False
Is 16411 composite?
False
Is 34495 a prime number?
False
Is 1173709 a prime number?
True
Is 3589 a prime number?
False
Is 12979 a prime number?
True
Is 740419 composite?
True
Is 413 prime?
False
Is 67885 prime?
False
Is 490697 composite?
False
Is 78205 a prime number?
False
Is 1000435 prime?
False
Is 55579 prime?
True
Is 35539 prime?
False
Is 6731 a prime number?
False
Is 1633651 prime?
False
Is 30949 composite?
False
Is 89941 composite?
True
Is 90587 prime?
False
Is 50537 prime?
False
Is 4789 prime?
True
Is 58889 composite?
False
Is 5663 a prime number?
False
Is 1270391 a prime number?
True
Is 77213 composite?
False
Is 2302 composite?
True
Is 6067 a prime number?
True
Is 14197 prime?
True
Is 408359 a prime number?
False
Is 2363 prime?
False
Is 52471 composite?
True
Is 2199121 prime?
True
Is 174137 a prime number?
True
Is 20789 prime?
True
Is 696151 composite?
True
Is 184321 composite?
False
Is 22153 prime?
True
Is 128891 a prime number?
False
Is 6899 composite?
False
Is 4969 composite?
False
Is 196246 a prime number?
False
Is 812807 prime?
True
Is 13669 composite?
False
Is 100973 a prime number?
False
Is 65777 prime?
True
Is 16535 a prime number?
False
Is 181949 composite?
True
Is 13303 a prime number?
False
Is 2096357 a prime number?
True
Is 202967 composite?
False
Is 11901 a prime number?
False
Is 3538747 a composite number?
False
Is 27067 a prime number?
True
Is 819061 a composite number?
False
Is 1515757 a prime number?
True
Is 32599 a prime number?
False
Is 750917 prime?
True
Is 1483621 a prime number?
True
Is 158071 a prime number?
True
Is 14709 composite?
True
Is 37717 composite?
False
Is 6611 composite?
True
Is 48446 a prime number?
False
Is 12713 composite?
False
Is 781 a prime number?
False
Is 13499 composite?
False
Is 73751 prime?
True
Is 4915 prime?
False
Is 172451 a prime number?
False
Is 3643 a prime number?
True
Is 82781 a composite number?
False
Is 40249 composite?
True
Is 587 a prime number?
True
Is 405634 a composite number?
True
Is 10037 composite?
False
Is 5779 a prime number?
True
Is 744886 a prime number?
False
Is 24281 a prime number?
True
Is 559277 prime?
True
Is 580369 a prime number?
False
Is 839 a composite number?
False
Is 26219 composite?
True
Is 9609 prime?
False
Is 18017 prime?
False
Is 147226 a composite number?
True
Is 877 a composite number?
False
Is 13561 a composite number?
True
Is 881449 a composite number?
False
Is 1120513 composite?
False
Is 4063 prime?
False
Is 91733 a composite number?
False
Is 43889 a composite number?
False
Is 305693 composite?
True
Is 2117 a prime number?
False
Is 272633 prime?
False
Is 185401 a prime number?
True
Is 19831 prime?
False
Is 22267 composite?
True
Is 1356578 prime?
False
Is 132001 prime?
True
Is 6445 prime?
False
Is 62803 prime?
False
Is 677371 prime?
True
Is 30053 composite?
True
Is 13291 composite?
False
Is 38501 a prime number?
True
Is 10243 prime?
True
Is 24577 prime?
False
Is 252379 composite?
True
Is 371753 a prime number?
False
Is 468